nder when 178 is divided by 65?
48
Calculate the remainder when 615 is divided by 49.
27
Calculate the remainder when 912 is divided by 298.
18
Calculate the remainder when 3525 is divided by 86.
85
What is the remainder when 639 is divided by 15?
9
What is the remainder when 583 is divided by 100?
83
Calculate the remainder when 178 is divided by 15.
13
What is the remainder when 154 is divided by 54?
46
Calculate the remainder when 148 is divided by 30.
28
Calculate the remainder when 339 is divided by 47.
10
Calculate the remainder when 132 is divided by 42.
6
Calculate the remainder when 214 is divided by 203.
11
What is the remainder when 163 is divided by 147?
16
Calculate the remainder when 1810 is divided by 8.
2
Calculate the remainder when 16 is divided by 1.
0
What is the remainder when 2076 is divided by 65?
61
What is the remainder when 3841 is divided by 22?
13
Calculate the remainder when 19 is divided by 11.
8
Calculate the remainder when 1075 is divided by 23.
17
Calculate the remainder when 10164 is divided by 113.
107
Calculate the remainder when 395 is divided by 106.
77
Calculate the remainder when 8546 is divided by 231.
230
What is the remainder when 156 is divided by 142?
14
Calculate the remainder when 510 is divided by 65.
55
What is the remainder when 94 is divided by 14?
10
What is the remainder when 9385 is divided by 38?
37
Calculate the remainder when 13667 is divided by 201.
200
What is the remainder when 569 is divided by 64?
57
Calculate the remainder when 121 is divided by 43.
35
What is the remainder when 42319 is divided by 46?
45
What is the remainder when 3344 is divided by 7?
5
What is the remainder when 67 is divided by 18?
13
What is the remainder when 105 is divided by 31?
12
Calculate the remainder when 109 is divided by 5.
4
Calculate the remainder when 417 is divided by 105.
102
Calculate the remainder when 1314 is divided by 260.
14
What is the remainder when 838 is divided by 29?
26
Calculate the remainder when 51 is divided by 15.
6
Calculate the remainder when 220 is divided by 56.
52
Calculate the remainder when 101 is divided by 68.
33
What is the remainder when 91 is divided by 45?
1
What is the remainder when 659 is divided by 33?
32
Calculate the remainder when 4070 is divided by 1351.
17
Calculate the remainder when 41 is divided by 5.
1
What is the remainder when 203 is divided by 2?
1
What is the remainder when 235 is divided by 43?
20
Calculate the remainder when 5706 is divided by 11.
8
Calculate the remainder when 600 is divided by 118.
10
Calculate the remainder when 29 is divided by 8.
5
What is the remainder when 1049 is divided by 261?
5
What is the remainder when 206 is divided by 23?
22
What is the remainder when 115 is divided by 26?
11
What is the remainder when 2682 is divided by 44?
42
Calculate the remainder when 144 is divided by 104.
40
What is the remainder when 896 is divided by 229?
209
Calculate the remainder when 1126 is divided by 94.
92
Calculate the remainder when 437 is divided by 73.
72
What is the remainder when 1008 is divided by 35?
28
What is the remainder when 512 is divided by 138?
98
What is the remainder when 2308 is divided by 287?
12
What is the remainder when 951 is divided by 18?
15
Calculate the remainder when 291 is divided by 147.
144
Calculate the remainder when 153 is divided by 41.
30
Calculate the remainder when 93 is divided by 8.
5
Calculate the remainder when 45 is divided by 1.
0
What is the remainder when 827 is divided by 9?
8
Calculate the remainder when 108 is divided by 22.
20
What is the remainder when 1289 is divided by 31?
18
Calculate the remainder when 373 is divided by 103.
64
Calculate the remainder when 239 is divided by 40.
39
What is the remainder when 88 is divided by 3?
1
What is the remainder when 24766 is divided by 31?
28
Calculate the remainder when 1284 is divided by 33.
30
Calculate the remainder when 131 is divided by 41.
8
Calculate the remainder when 144 is divided by 73.
71
Calculate the remainder when 13154 is divided by 46.
44
Calculate the remainder when 955 is divided by 12.
7
Calculate the remainder when 664 is divided by 19.
18
What is the remainder when 1563 is divided by 58?
55
What is the remainder when 960 is divided by 138?
132
Calculate the remainder when 18869 is divided by 28.
25
What is the remainder when 127 is divided by 62?
3
What is the remainder when 12 is divided by 6?
0
Calculate the remainder when 193 is divided by 11.
6
What is the remainder when 198 is divided by 195?
3
What is the remainder when 132 is divided by 51?
30
What is the remainder when 20248 is divided by 270?
268
What is the remainder when 390 is divided by 214?
176
Calculate the remainder when 120 is divided by 36.
12
What is the remainder when 435 is divided by 20?
15
Calculate the remainder when 2881 is divided by 103.
100
Calculate the remainder when 85 is divided by 24.
13
Calculate the remainder when 538 is divided by 45.
43
What is the remainder when 796 is divided by 367?
62
Calculate the remainder when 58 is divided by 7.
2
What is the remainder when 604 is divided by 30?
4
Calculate the remainder when 1630 is divided by 7.
6
Calculate the remainder when 138 is divided by 42.
12
What is the remainder when 1023 is divided by 56?
15
Calculate the remainder when 159 is divided by 48.
15
Calculate the remainder when 64 is divided by 13.
12
Calculate the remainder when 771 is divided by 31.
27
Calculate the remainder when 383 is divided by 64.
63
Calculate the remainder when 2505 is divided by 9.
3
What is the remainder when 573 is divided by 34?
29
What is the remainder when 11081 is divided by 68?
65
Calculate the remainder when 457 is divided by 76.
1
What is the remainder when 45 is divided by 34?
11
What is the remainder when 180 is divided by 180?
0
Calculate the remainder when 314 is divided by 74.
18
What is the remainder when 299 is divided by 180?
119
Calculate the remainder when 418 is divided by 42.
40
What is the remainder when 62 is divided by 47?
15
What is the remainder when 292 is divided by 6?
4
What is the remainder when 1542 is divided by 141?
132
Calculate the remainder when 8805 is divided by 53.
7
What is the remainder when 88341 is divided by 24?
21
What is the remainder when 1116 is divided by 13?
11
What is the remainder when 38 is divided by 10?
8
What is the remainder when 117 is divided by 25?
17
What is the remainder when 373 is divided by 94?
91
Calculate the remainder when 476 is divided by 164.
148
Calculate the remainder when 613 is divided by 96.
37
Calculate the remainder when 219 is divided by 72.
3
Calculate the remainder when 162 is divided by 32.
2
What is the remainder when 29088 is divided by 14?
10
Calculate the remainder when 276 is divided by 17.
4
Calculate the remainder when 17 is divided by 4.
1
What is the remainder when 700 is divided by 22?
18
Calculate the remainder when 551 is divided by 37.
33
Calculate the remainder when 320 is divided by 108.
104
What is the remainder when 61 is divided by 18?
7
Calculate the remainder when 89 is divided by 28.
5
What is the remainder when 9 is divided by 1?
0
Calculate the remainder when 192 is divided by 57.
21
What is the remainder when 2908 is divided by 242?
4
Calculate the remainder when 654 is divided by 171.
141
Calculate the remainder when 84 is divided by 1.
0
Calculate the remainder when 947 is divided by 60.
47
What is the remainder when 3806 is divided by 24?
14
What is the remainder when 663 is divided by 207?
42
What is the remainder when 348 is divided by 27?
24
Calculate the remainder when 220 is divided by 94.
32
Calculate the remainder when 49 is divided by 13.
10
What is the remainder when 227 is divided by 38?
37
Calculate the remainder when 266 is divided by 17.
11
What is the remainder when 236 is divided by 41?
31
Calculate the remainder when 6376 is divided by 13.
6
Calculate the remainder when 1979 is divided by 221.
211
What is the remainder when 2110 is divided by 302?
298
Calculate the remainder when 1073 is divided by 185.
148
Calculate the remainder when 3444 is divided by 30.
24
What is the remainder when 2126 is divided by 130?
46
Calculate the remainder when 1216 is divided by 600.
16
What is t